v) be the second derivative of v**4/12 - v**3/6 - 3*v**2 - 2*v. Determine s(w).
24
Let q(u) = 2*u - 9. Let j(h) = h**3 + 27*h**2 - 56*h + 56. Let g be j(-29). Suppose -2*l - 36 = -6*l. Let r be 28/(-21)*l/g. What is q(r)?
3
Let t(o) = -o + 5. Let r(u) = -u**2 - 1. Let q be r(1). Let j be q + -1 - (-135)/5. Suppose -f + 5*f = -j. Determine t(f).
11
Suppose 0 = -70*r + 1793 + 27. Let l(x) = -x**2 + 27*x - 35. What is l(r)?
-9
Let f(g) = 2*g**3 - 10*g**2 - 4*g + 9. Let i = 20 + -16. Let y be 2 - i/6*6. Let j(t) = t**3 - 9*t**2 - 5*t + 8. Let v(d) = y*f(d) + 3*j(d). Calculate v(-6).
12
Let f(r) = -5*r**3 + 9*r**2 - 11*r - 9. Let k(m) = -3*m**3 + 5*m**2 - 6*m - 5. Let w(q) = 4*f(q) - 7*k(q). Determine w(0).
-1
Let u(l) be the second derivative of l**5/20 + l**4/2 + l**3/2 - 3*l**2/2 + 285*l. Determine u(-4).
17
Let r(k) = 0 - 2 - 2 + 1 + k. Let c be r(5). Let x(t) = -t**2 + 0*t**2 - c*t**2 - t + 2 + 2*t**2. What is x(0)?
2
Let i(v) be the first derivative of 3*v**2/2 - 9*v + 1. Let b(h) = -3*h + 8. Suppose 21 = -g - 2*g. Let z(q) = g*b(q) - 6*i(q). What is z(4)?
10
Let x = 15 - -1. Let a(u) = -2*u + x - 17 + u + 0*u. Let m be a(-1). Let r(l) = l - 5. What is r(m)?
-5
Let p be (-2 - 7) + (11 - 8). Let w(k) = -11*k**3 - 23*k**2 - 19*k - 12. Let s(u) = -5*u**3 - 11*u**2 - 9*u - 6. Let v(y) = p*w(y) + 13*s(y). Give v(6).
12
Let p(d) = -3*d**3 + 2*d**2 + 2*d - 1. Suppose 25*u - 27*u = 188. Let l = 96 + u. Give p(l).
-13
Let z(q) = -14*q + 53. Let s be z(4). Let n(o) = 4*o + 6. What is n(s)?
-6
Let l(p) = -p**2 - 11*p - 8. Suppose 6*c + 67 = 7. What is l(c)?
2
Let t(l) = -3*l - 1. Let w(z) be the second derivative of z**4/12 - z**3/6 - 2*z**2 + 5*z. Let d be w(0). Let u be -1*(1*d + 3). Give t(u).
-4
Suppose 2*g = -2*g. Let p(t) = -t**2 - 2*t - 7. Let r be p(g). Let u(w) = -w - 7. Determine u(r).
0
Let d(h) = 8*h**2 + 2*h - 1. Let k = 6 - 4. Suppose 4*y = -0*y - k*x + 10, -3*x + 10 = y. Let l be (-7 + 9)/(1 + y). What is d(l)?
9
Suppose -13 = -3*a - 0*u + 5*u, 4*a - 12 = 4*u. Let y(d) be the first derivative of 5*d**3/3 - d - 4443. Give y(a).
4
Let w(a) = 5*a**3 - 9*a**2 - 9*a - 14. Let l(p) = -7*p**3 + 10*p**2 + 11*p + 15. Let u(m) = 3*l(m) + 4*w(m). Calculate u(-6).
7
Let v = -3 + 2. Let d(o) = 18*o**2 - 17*o**2 - 2*o + 13*o**2 + 3*o + 0*o**2 + 1. Calculate d(v).
14
Let w(d) be the first derivative of d**4/4 - 4*d**3/3 - d**2/2 - 7*d - 102. Calculate w(4).
-11
Let d(q) be the second derivative of -q**7/840 + q**5/120 + q**3/3 + 7*q. Let b(l) be the second derivative of d(l). Suppose 2*x - 2 = -6. What is b(x)?
6
Let k(t) = -t**3 - 6*t**2 + 7*t + 4. Let j be k(-7). Let o(i) = 5 + 7*i + 5*i**2 - 2*i - j*i**2. Let l be (-1 - 0)/((-2)/(-4)) + -2. What is o(l)?
1
Suppose 3*k = -3 + 18. Suppose -t - 18 = -k*u, -13 - 1 = -3*u - t. Suppose -5*x = -5*j - 35, x = -5*j - 1 - u. Let c(w) = -w**3 - 3*w**2 - w + 2. What is c(j)?
0
Let f(d) = -12*d - 15 + 14*d - 5*d - 2*d. What is f(-4)?
5
Let z(t) = 9*t**2 - 1. Let n be (-1)/(-4) - 45/(-12). Suppose 6*p - 28 = 2*p. Suppose -n*f + p = 11. Determine z(f).
8
Suppose 0 = -5*i + 3 + 2. Suppose -2*a + i + 3 = 0. Let q(n) = 22*n**a - n - 43*n**2 + 19*n**2 - 2. What is q(-2)?
-8
Let q(w) = -4*w**3 + w**2 - w - 1. Suppose -4*v + 6*v = -4, -5*y = v + 7. Calculate q(y).
5
Let z(t) = -2*t**2 + 22*t + 44. Let f be z(13). Let o(g) = 2*g**2 + 11*g - 4. Give o(f).
36
Let g(d) = -5*d**2 - 4*d + 2. Let x = 21 + -10. Let p(o) = -3 - 7*o + 0*o + 9*o**2 + 4*o + 11*o. Let w(a) = x*g(a) + 6*p(a). Calculate w(5).
-1
Suppose 3*g = -3*f + f + 25, -35 = -5*g - 2*f. Let v(o) = -g*o - 13*o - 3 + 16*o - o**2 + 0*o**2. What is v(-3)?
-6
Suppose -5 + 1 = -2*w. Suppose w*c + 2*c = 0. Let m(y) = -y + c*y**2 + y**2 + 6*y. Calculate m(-5).
0
Let d(l) be the first derivative of -22 - 8*l + 1/3*l**3 + 3/2*l**2. Calculate d(-6).
10
Let g(d) = 6*d**3 - d + d - 1. Let p(w) = w**3 + w**2 + w. Let v be 72/(-56) + (-4)/(-14). Let s be p(v). Determine g(s).
-7
Suppose 1 = 2*v + 1. Let t be 2 + v + (-3)/3. Let a(j) = 9*j**2 + 1. Give a(t).
10
Let g(m) = m + 2. Let l = -434 - -431. Determine g(l).
-1
Let r(o) = -o**2 + 8*o - 4. Let t = -146 + 150. Determine r(t).
12
Suppose 0 = -5*p - v + 26, -5*p - 3*v = -18 - 0. Let o(x) = 6*x - 28. What is o(p)?
8
Suppose 0*k = 7*k - 21. Let m(r) = 3*r - 2*r - k*r + 6 - 3. Let v = 5 + -2. What is m(v)?
-3
Let j = -491 - -487. Let m be (-3)/2*(-4)/3. Let v(x) = -2 + 2*x**2 - 3*x**m + 0 - 4*x. What is v(j)?
-2
Let q(t) = -13*t - 23 + 12*t - 21 + 43. Let g(u) = -u**3 - 4*u**2 + 4*u - 3. Suppose 4*d + 5*z + 20 = 0, -3*z - 20 = 8*d - 4*d. Let v be g(d). Give q(v).
-3
Suppose -5*k = l - 3*l - 14, -2*k = 0. Let c(m) = -m**2 - 6*m + 11. Determine c(l).
4
Let l(w) be the second derivative of -w**4/12 + w**3/2 + 6*w**2 - 58*w. Determine l(6).
-6
Let b(o) = 73*o - 47. Let v(x) = -27*x + 16. Let i(g) = 6*b(g) + 17*v(g). Give i(-1).
11
Let l(r) = -2*r**3 - 21*r**2 + 28*r + 21. Let c(h) = -h**3 - 10*h**2 + 13*h + 10. Let v(z) = 13*c(z) - 6*l(z). Calculate v(-3).
-8
Let v(s) = -s**3 + 6*s + 6. Let u(l) = -l**3 + 5*l + 7. Let o(y) = 8*y + 28. Let j be o(-4). Let q(a) = j*v(a) + 5*u(a). Calculate q(0).
11
Let g be 7/(-315)*-15*1*33. Let l(y) = -y**3 + 10*y**2 + 11*y - 5. Determine l(g).
-5
Suppose 2*a - 2*i = -2, -3*i + i = 5*a + 40. Let v = 15 + a. Suppose -4*t - 20 = 2*d, v*t + 25 = -4*d + 4*t. Let w(g) = g + 12. Calculate w(d).
12
Let t(w) = -w + 1. Let n be 8/5 - 8/(-20). Suppose -n*o - 4 + 8 = 0. Calculate t(o).
-1
Let f(s) be the first derivative of -s**4/4 + 2*s**3 + 8*s + 272. Calculate f(6).
8
Let f(c) = -2*c**3 - 4*c**2 - 3*c - 2. Let n(p) = -p**3 - p**2 - p - 1. Suppose 0 = -5*s + s + 4. Let h(l) = s*f(l) - 3*n(l). Let y be 3/2*8/12. Give h(y).
1
Let p = 3 - 1. Let t(q) = -5*q**2 - p*q + 2*q**2 + q. Let d(i) = i**3 + 42*i**2 + 42*i + 39. Let g be d(-41). Calculate t(g).
-10
Let q(o) = o**3 - 7*o**2 - 2*o - 4. Suppose -48*v - 141 = -477. Determine q(v).
-18
Let t(x) = -x**3 - 7*x**2 + 2*x - 3. Let i = 89 - 96. Determine t(i).
-17
Let w(i) = -i**2 - 5*i + 3. Let b = 281 - 286. Give w(b).
3
Let p(f) = -3*f + 31. Let z(s) = 3*s - 35. Let d be z(16). Calculate p(d).
-8
Let l(a) be the first derivative of -a**2/2 + 2*a + 133. Determine l(7).
-5
Let v(j) = -j**3 - 5*j**2 - 1. Suppose -11366*p + 10 = -11368*p. Give v(p).
-1
Let f(r) = -4*r**2 + 10*r - 12. Let y(j) = -5*j**2 + 11*j - 13. Suppose 0 + 9 = -3*z. Let u(d) = z*y(d) + 4*f(d). Suppose 0 = 259*c - 264*c + 30. What is u(c)?
-3
Let s(v) = -v**3 + 6*v**2 + 9*v - 2. Let h(y) = 11*y + 36. Let t be h(4). Let b be (8/(t/35))/((-2)/(-4)). What is s(b)?
12
Suppose 6*h - h = 20. Let k(n) = 7335*n - 14665*n + 7335*n - n**2. Calculate k(h).
4
Let k(o) be the second derivative of -2*o**3/3 + o**2/2 + o. Suppose -3*i + 23 = -172. Let c be (2/5)/(13/i). Calculate k(c).
-7
Let k(x) = -x**3 + 12*x**2 + 83*x + 36. Let b be k(17). Let l(w) = 6*w**2 - 2*w - 2. Give l(b).
18
Suppose -72 = -7*f - 44. Let s(a) = a**3 - 3*a**2 + 6*a - 6. Give s(f).
34
Suppose -2*m = -3*o + 11, -m = -3*o - 2*o + 9. Let c(j) = -j**3 - 6*j**2 + j + 4. Determine c(m).
-32
Let n(i) = i**2 - 3*i - 4. Suppose 0 = 2*y + 8, -3*c + 3*y + 5 + 22 = 0. Determine n(c).
6
Let m be 11/(-2) + 14/(-28). Let j(z) = -3*z**2 + 8 + 2*z**2 - 7*z - 5 + z. Give j(m).
3
Let h(l) be the first derivative of -28 + 1/2*l**2 - 2*l. Calculate h(7).
5
Let x = -30 + 53. Suppose -2*k = -y + 3*y + 14, x = -2*k - 5*y. Let f(r) = -r**2 - 2*r + 3. Calculate f(k).
-5
Let k(q) = 5*q - 12. Let z(t) = 11*t - 27. Let a(c) = -9*k(c) + 4*z(c). Determine a(-1).
1
Let d(v) be the second derivative of -v**3/3 + v**2/2 + 5*v - 8. Suppose 3*o + 5*o - 32 = 0. Give d(o).
-7
Suppose -9*d = -14*d - 15. Let m(a) = a**2 + 2*a + 1. Calculate m(d).
4
Let z(s) = -1. Let w(j) = j + 8. Let i(b) = -w(b) + 4*z(b). Let d(h) = -h - 11. Let v(l) = -4*d(l) + 3*i(l). Let r = 564 - 570. Calculate v(r).
2
Let d(c) = 0 + 3 - 2 + 4 + 153*c - 150*c. Suppose 1 + 6 = q - h, 3*q + 3*h = 3. Let y be 2*2/q - 5. Calculate d(y).
-7
Let g(z) = -12*z + 25. Let v be g(2). Let n(w) be the second derivative of w**4/2 - w**3/3 + w**2/2 - 2*w. What is n(v)?
5
Let i(q) = q - 1. Suppose 0 = 5*j - j + 5*w - 11, 3*j + w - 22 = 0. Let b(h) = -3*h + 3. Let c(n) = j*i(n) + 2*b(n). Give c(6).
15
Let q(g) = -g**